11*s + 335. Calculate f(-24).
71
Let z(m) = -m**3 + 29*m**2 - 29*m - 21. Calculate z(28).
-49
Let y(t) = -4*t**2 - 16*t - 2. Calculate y(-4).
-2
Let z(c) = 15*c**3 + 169*c**2 + 25*c - 12. What is z(-11)?
197
Let q(o) = -7*o**2 - 264*o - 1810. What is q(-9)?
-1
Let d(i) = 57*i + 475. Give d(-8).
19
Let t(x) = x**3 + 64*x**2 - 131*x + 79. What is t(-66)?
13
Let v(l) = -2*l**2 + 122*l + 4971. Give v(-28).
-13
Let j(t) = t**3 - 178*t**2 + 3435*t - 457. Give j(156).
11
Let v(n) = 97*n + 36. What is v(1)?
133
Let k(p) = -p**3 - 20*p**2 - 22*p + 48. Calculate k(-19).
105
Let f(s) = 3*s + 113. Calculate f(29).
200
Let r(z) = -20*z**2 - 313*z + 118. Determine r(-16).
6
Let i(w) = -w**3 + 17*w**2 - 86*w + 1064. Calculate i(16).
-56
Let c(r) = -1070*r - 21421. Determine c(-20).
-21
Let w(z) = 2*z**2 + 73*z + 676. What is w(-18)?
10
Let x(n) = -n**3 + 7*n**2 + 2*n - 32. Determine x(6).
16
Let b(u) = -477*u**2 - 34*u - 34. What is b(-1)?
-477
Let r(g) = -823*g + 9866. Calculate r(12).
-10
Let u(h) = -9*h**2 - 52*h - 5. Determine u(-7).
-82
Let g(b) = 31*b - 1080. Determine g(28).
-212
Let m(c) = -2*c**3 + c**2 - 11*c + 21. Calculate m(2).
-13
Let r(d) = -d**3 + 6*d**2 - d + 22. What is r(9)?
-230
Let s(t) = -3*t**2 + 58*t + 54. Give s(20).
14
Let q(f) = f**3 - 29*f**2 - 20*f - 1312. Calculate q(31).
-10
Let g(a) = -5*a**2 - 275*a + 281. Determine g(-56).
1
Let k(p) = -p**2 + 110*p + 680. Determine k(119).
-391
Let v(k) = k**2 - k. Give v(-4).
20
Let h(j) = 54*j + 7946. What is h(-146)?
62
Let k(u) = -36*u + 322. What is k(8)?
34
Let x(l) = 2*l**3 + 33*l**2 - 20*l - 3. Calculate x(-17).
48
Let y(b) = -6*b**2 + 67*b + 16. Determine y(11).
27
Let m(h) = -89*h - 2332. What is m(-26)?
-18
Let r(z) = z**3 - 29*z**2 - 31*z - 27. Determine r(30).
-57
Let f(t) = t**3 - 76*t**2 + 6*t - 415. What is f(76)?
41
Let j(b) = -8*b + 36. Calculate j(5).
-4
Let x(u) = 7*u**3 + 5*u**2 - 2*u. Determine x(-3).
-138
Let n(l) = l**2 + 32*l + 81. Calculate n(-14).
-171
Let c(u) = -12*u - 22. Calculate c(-7).
62
Let m(y) = y**2 + 224*y + 219. What is m(-223)?
-4
Let u(p) = -5*p**2 + 711*p - 9091. What is u(128)?
-3
Let c(j) = -135*j - 1714. Give c(-13).
41
Let s(i) = 156*i - 942. Calculate s(6).
-6
Let s(x) = 2*x**3 - 37*x**2 - 103*x - 57. Calculate s(21).
-15
Let p(z) = -8*z - 141. Give p(7).
-197
Let k(z) = -217*z - 22. Calculate k(-2).
412
Let n(j) = 1241*j + 53392. What is n(-43)?
29
Let n(b) = -1287*b**2 + 5149*b + 3. Give n(4).
7
Let h(a) = -a**2 + 85*a + 1032. Give h(-10).
82
Let f(c) = -13*c - 36. Calculate f(-9).
81
Let a(t) = -1439*t + 5795. Calculate a(4).
39
Let d(j) = j**3 - 14*j**2 - 19*j + 69. Determine d(12).
-447
Let a(m) = 1450*m - 7265. Give a(5).
-15
Let q(d) = -13*d + 185. Give q(10).
55
Let g(m) = -m**3 - 69*m**2 - 130*m + 265. What is g(-67)?
-3
Let l(i) = i**2 + 348*i + 13372. Determine l(-44).
-4
Let x(y) = -3*y**2 + 103*y + 562. Determine x(-5).
-28
Let t(o) = 2*o**2 - 24*o + 55. Determine t(10).
15
Let f(r) = -53*r + 194. Give f(0).
194
Let q(c) = -c**3 - 56*c**2 - 304*c - 206. Determine q(-50).
-6
Let i(n) = n**2 - 25*n - 718. What is i(-17)?
-4
Let y(p) = -5*p**2 + 80*p - 164. Determine y(2).
-24
Let h(o) = o**3 - 24*o**2 + 5*o - 108. Determine h(24).
12
Let v(q) = 4*q**3 - 271*q**2 - 69*q + 67. Determine v(68).
-1
Let n(y) = 6*y + 87. Give n(-3).
69
Let y(b) = 4*b**2 - 9*b + 22. What is y(10)?
332
Let y(v) = 4*v**2 - 396*v + 792. Give y(2).
16
Let l(f) = -3*f**3 - 270*f**2 + 278*f + 513. What is l(-91)?
58
Let p(k) = -62*k - 830. Give p(-13).
-24
Let p(x) = -x**3 - 31*x**2 + 39*x + 215. Give p(-32).
-9
Let v(s) = 4*s + 355. Calculate v(-30).
235
Let w(z) = 5*z**2 - 409*z - 1612. What is w(-4)?
104
Let c(m) = -6274*m - 62751. Determine c(-10).
-11
Let f(d) = d**3 + 39*d**2 - 76*d + 88. What is f(-41)?
-158
Let q(k) = 84*k + 204. Give q(-5).
-216
Let a(f) = 181*f + 724. Calculate a(-4).
0
Let y(p) = 5*p**2 - 439*p + 1231. Calculate y(85).
41
Let q(y) = 4*y**3 + 5*y**2 - 23. Calculate q(4).
313
Let b(r) = r**3 + 39*r**2 + 109*r - 129. Give b(-36).
-165
Let h(j) = -j**2 + 26*j + 65. Determine h(-3).
-22
Let a(m) = -3*m**2 - 676*m - 1573. Determine a(-223).
-12
Let x(j) = 2*j**3 + 50*j**2 + 5*j + 1456. Give x(-26).
-26
Let u(q) = 234*q + 21306. Give u(-91).
12
Let j(u) = 60*u**2 + 17*u - 7. Calculate j(2).
267
Let s(v) = -49*v + 2149. What is s(44)?
-7
Let y(f) = -f**3 - 8*f**2 + 3*f + 40. What is y(-7)?
-30
Let w(z) = z**3 + 12*z**2 + 23*z + 42. Calculate w(-10).
12
Let h(b) = 8*b**3 - 169*b**2 - 151*b - 71. What is h(22)?
-5
Let s(c) = 3*c**3 + 4*c**2 + 5*c + 14. Give s(-2).
-4
Let h(f) = 399*f - 3963. Give h(10).
27
Let d(y) = y**3 - 44*y**2 - 82*y + 14. Determine d(-2).
-6
Let w(q) = 121*q**2 + 3633*q + 29. What is w(-30)?
-61
Let d(i) = -2*i**2 + 10*i + 881. Calculate d(24).
-31
Let n(u) = -3*u - 11. Calculate n(-8).
13
Let q(z) = 2*z**2 + 66*z - 517. Calculate q(8).
139
Let u(l) = l**3 - 4*l**2 - 139*l + 14. Calculate u(-10).
4
Let a(y) = y**3 - 12*y**2 + 10*y - 137. Give a(12).
-17
Let a(o) = -53*o + 716. Determine a(15).
-79
Let f(k) = -k**3 - 25*k**2 - 151*k + 23. Determine f(-11).
-10
Let z(l) = 22*l**2 - 1073*l - 241. What is z(49)?
4
Let f(r) = -892*r - 8922. Determine f(-10).
-2
Let s(m) = -944*m**2 - 9444*m - 49. Determine s(-10).
-9
Let i(x) = -8*x**2 - 50*x + 161. Determine i(-12).
-391
Let n(z) = -66*z**2 - 15*z + 5. Calculate n(2).
-289
Let t(m) = 25*m**2 - 2274*m + 49. Calculate t(91).
140
Let w(j) = j**3 + 49*j**2 + 591*j + 324. What is w(-29)?
5
Let x(t) = 5*t**2 - 86*t + 197. Determine x(8).
-171
Let v(w) = w**3 - 7*w**2 - 26*w - 23. Determine v(-2).
-7
Let j(s) = s**3 - 108*s**2 - 234*s + 1536. Calculate j(110).
-4
Let h(l) = -l**3 - 50*l**2 - 38*l + 513. Calculate h(-49).
-26
Let l(a) = 18*a**3 - 2*a**2 - 8*a + 14. Calculate l(2).
134
Let i(j) = j**3 - 17*j**2 + 3*j + 373. Give i(16).
165
Let h(o) = 4*o**2 + 109*o + 260. Determine h(-24).
-52
Let c(g) = 57*g - 44. What is c(3)?
127
Let i(y) = -6*y**2 - 102*y + 530. Determine i(-22).
-130
Let a(l) = l**2 - 326*l - 1989. What is a(-6)?
3
Let q(p) = -289*p + 3745. Calculate q(13).
-12
Let y(x) = -202*x + 65. What is y(4)?
-743
Let t(c) = -34*c - 35. Give t(3).
-137
Let p(i) = i**2 - 27*i - 18. What is p(33)?
180
Let v(x) = 4*x**2 - 61*x + 80. Determine v(13).
-37
Let s(d) = -66*d - 3344. Calculate s(-44).
-440
Let g(y) = -3*y**2 + 94*y + 532. What is g(-5)?
-13
Let o(v) = -v**3 + 19*v**2 + 69*v + 13. What is o(22)?
79
Let q(t) = -t**2 - 28*t + 447. Determine q(-41).
-86
Let x(h) = 3*h**2 + 64*h - 41. What is x(-23)?
74
Let p(n) = -n**3 + 474*n**2 - 943*n - 470. Give p(472).
2
Let p(o) = -o**3 + 42*o**2 + 411*o - 502. Give p(50).
48
Let d(n) = -n**2 - 14*n - 29. Calculate d(0).
-29
Let y(j) = -106*j - 1705. Give y(-16).
-9
Let s(v) = -v**2 + 102*v - 2537. What is s(49)?
60
Let w(d) = -74*d**2 - 9*d - 8. Calculate w(-1).
-73
Let o(u) = -2*u**3 - 81*u**2 - 28*u + 489. Calculate o(-40).
9
Let g(s) = s**3 + 5*s**2 - 3*s - 12. Give g(-5).
3
Let v(w) = w**2 + 278*w + 2924. What is v(-11)?
-13
Let y(r) = r**3 + 21*r**2 - 46*r - 42. What is y(-23)?
-42
Let v(k) = 2*k + 126. Calculate v(-9).
108
Let r(c) = -181*c + 4538. What is r(25)?
13
Let v(l) = 4*l**3 - 159*l**2 + 121*l - 190. Calculate v(39).
-34
Let a(g) = -10*g + 110. What is a(0)?
110
Let c(y) = 6*y**2 - 35*y - 22. Calculate c(6).
-16
Let q(a) = 18*a**2 - 100*a + 39. Give q(5).
-11
Let i(y) = -21*y**2 - 8*y + 21. Determine i(2).
-79
Let l(j) = -8*j + 233. Calculate l(40).
-87
Let n(y) = -52*y - 71. Determine n(0).
-71
Let a(h) = h**2 + 65*h + 1093. Calculate a(-34).
39
Let z(i) = -199*i - 7983. Determine z(-40).
-23
Let m(w) = w**3 - 31*w**2 + 2. What is m(31)?
2
Let r(f) = 72*f + 2. What is r(-4)?
-286
Let o(c) = -c**3 + 29*c**2 + 139*c - 110. Give o(33).
121
Let v(i) = 3*i**2 - 31*i - 395. What is v(-10)?
215
Let j(y) = -8*y**2 + 327*y + 654. Determine j(-2).
-32
Let m(x) = -584*x + 15170. What is m(26)?
-14
Let m(v) = 166*v - 2. Determine m(1).
164
Let n(k) = 6*k**2 - 4*k - 70. Give n(-9).
452
Let n(x) = x**3 - 12*x**2 + 14*x - 1. Give n(4).
-73
Let w(z) = 91*z - 1400. Give w(18).
238
Let z(a) = -2*a**2 + 114*a - 937. Determine z(10).
3
Let f(o) = 1496*o + 7428. Determine f(-5).
-52
Let w(c) = -7*c**2 + 222*c - 644. What is w(3)?